{"id":164,"date":"2017-02-19T11:57:13","date_gmt":"2017-02-19T11:57:13","guid":{"rendered":"http:\/\/memoriaaine2015.ingenierosnavales.com\/?page_id=164"},"modified":"2017-02-19T11:57:13","modified_gmt":"2017-02-19T11:57:13","slug":"virgen-del-carmen","status":"publish","type":"page","link":"https:\/\/memoriaaine2016.ingenierosnavales.com\/?page_id=164","title":{"rendered":"Virgen del Carmen"},"content":{"rendered":"<p align=\"justify\"><img decoding=\"async\" loading=\"lazy\" class=\"size-medium wp-image-631 alignright\" src=\"https:\/\/memoriaaine2016a.ingenierosnavales.com\/wp-content\/uploads\/2017\/02\/camen-02-300x200.jpg\" alt=\"\" width=\"300\" height=\"200\" srcset=\"https:\/\/memoriaaine2016.ingenierosnavales.com\/wp-content\/uploads\/2017\/02\/camen-02-300x200.jpg 300w, https:\/\/memoriaaine2016.ingenierosnavales.com\/wp-content\/uploads\/2017\/02\/camen-02.jpg 426w\" sizes=\"(max-width: 300px) 100vw, 300px\" \/>El pasado 9 de julio tuvieron lugar un a\u00f1o m\u00e1s los actos de celebraci\u00f3n de la Virgen del Carmen. La primera parte se celebr\u00f3 en la ETSIN (Escuela T\u00e9cnica Superior de Ingenieros Navales de Madrid) y la segunda en el Hip\u00f3dromo de la Zarzuela.<\/p>\n<p align=\"justify\">Presidieron los actos celebrados en la ETSIN: Luis Ram\u00f3n N\u00fa\u00f1ez Rivas, director de la ETSIN; Luis Vilches Collado, presidente de la AINE y decano del COIN; Julio Trenas Fern\u00e1ndez, decano territorial del COIN en Madrid; Contraalmirante Javier Blanco Tirado, en representaci\u00f3n del AJEMA; Javier Llompart Burgos, director de gesti\u00f3n del COIN y AINE.<\/p>\n<p align=\"justify\">Luis Vilches, presidente-decano, abri\u00f3 el acto con unas palabras de bienvenida a todos los presentes, agradeciendo a la direcci\u00f3n de la escuela haber aceptado un a\u00f1o m\u00e1s ser nuestro anfitri\u00f3n de los actos institucionales del 2017 del Colegio y Asociaci\u00f3n de Ingenieros Navales y Oce\u00e1nicos. Posteriormente pas\u00f3 la palabra a Luis Ram\u00f3n N\u00fa\u00f1ez, quien habl\u00f3 en nombre de la Escuela. Posteriormente tom\u00f3 la palabra el decano territorial en Madrid, delegaci\u00f3n donde se vienen celebrando los actos de entrega de Premios AINE y entrega de medallas e insignias tradicionalmente.<\/p>\n<ul>\n<li><a href=\"http:\/\/memoriaaine2016.ingenierosnavales.com\/?p=163\">Premios AINE<\/a><\/li>\n<li><a href=\"http:\/\/memoriaaine2016.ingenierosnavales.com\/?p=171\">Acto de Entrega del Premio Fin de Carrera \u201cEnermar\u201d<\/a><\/li>\n<li><a href=\"http:\/\/memoriaaine2016.ingenierosnavales.com\/?p=173\">Acto institucional AINE<\/a><\/li>\n<li><a href=\"http:\/\/memoriacoin2016.ingenierosnavales.com\/?p=130\" target=\"_blank\" rel=\"noopener noreferrer\">Acto institucional COIN<\/a><\/li>\n<\/ul>\n<p><a href=\"https:\/\/photos.google.com\/share\/AF1QipO6UUSrIkNnxjInHrHP8hJYu8PWWh9y7IYBBeQRUz_IDMHlM1uhyxaQO4_AoV7vqg?key=N1BHREg2SUgzcWt6RlhheHpwb2puNTJyUmVPT2Fn\" target=\"_blank\" rel=\"noopener noreferrer\">Im\u00e1genes de los actos<\/a><\/p>\n","protected":false},"excerpt":{"rendered":"<p>El pasado 9 de julio tuvieron lugar un a\u00f1o m\u00e1s los actos de celebraci\u00f3n de la Virgen del Carmen. La primera parte se celebr\u00f3 en la ETSIN (Escuela T\u00e9cnica Superior de Ingenieros Navales de Madrid) y la segunda en el Hip\u00f3dromo de la Zarzuela. Presidieron los actos celebrados en la ETSIN: Luis Ram\u00f3n N\u00fa\u00f1ez Rivas, [&hellip;]<\/p>\n","protected":false},"author":1,"featured_media":632,"parent":0,"menu_order":0,"comment_status":"closed","ping_status":"closed","template":"","meta":[],"_links":{"self":[{"href":"https:\/\/memoriaaine2016.ingenierosnavales.com\/index.php?rest_route=\/wp\/v2\/pages\/164"}],"collection":[{"href":"https:\/\/memoriaaine2016.ingenierosnavales.com\/index.php?rest_route=\/wp\/v2\/pages"}],"about":[{"href":"https:\/\/memoriaaine2016.ingenierosnavales.com\/index.php?rest_route=\/wp\/v2\/types\/page"}],"author":[{"embeddable":true,"href":"https:\/\/memoriaaine2016.ingenierosnavales.com\/index.php?rest_route=\/wp\/v2\/users\/1"}],"replies":[{"embeddable":true,"href":"https:\/\/memoriaaine2016.ingenierosnavales.com\/index.php?rest_route=%2Fwp%2Fv2%2Fcomments&post=164"}],"version-history":[{"count":0,"href":"https:\/\/memoriaaine2016.ingenierosnavales.com\/index.php?rest_route=\/wp\/v2\/pages\/164\/revisions"}],"wp:featuredmedia":[{"embeddable":true,"href":"https:\/\/memoriaaine2016.ingenierosnavales.com\/index.php?rest_route=\/wp\/v2\/media\/632"}],"wp:attachment":[{"href":"https:\/\/memoriaaine2016.ingenierosnavales.com\/index.php?rest_route=%2Fwp%2Fv2%2Fmedia&parent=164"}],"curies":[{"name":"wp","href":"https:\/\/api.w.org\/{rel}","templated":true}]}}